4
What is the highest common divisor of 297 and 132?
33
Calculate the highest common divisor of 1520 and 2160.
80
Calculate the highest common divisor of 76 and 2394.
38
What is the highest common divisor of 16 and 72?
8
What is the highest common factor of 112 and 322?
14
What is the greatest common divisor of 245 and 595?
35
Calculate the highest common divisor of 973 and 63.
7
What is the highest common divisor of 84 and 1302?
42
What is the greatest common divisor of 31479 and 21?
21
Calculate the highest common factor of 13 and 3.
1
Calculate the highest common factor of 7272 and 288.
72
Calculate the greatest common divisor of 70 and 595.
35
Calculate the greatest common factor of 29805 and 30.
15
Calculate the highest common divisor of 58 and 3103.
29
What is the greatest common divisor of 285 and 114?
57
Calculate the highest common divisor of 15 and 3495.
15
Calculate the highest common factor of 33 and 11.
11
What is the highest common factor of 35 and 1442?
7
Calculate the greatest common divisor of 1638 and 77.
7
What is the highest common factor of 124 and 558?
62
What is the greatest common divisor of 19598 and 82?
82
Calculate the greatest common factor of 126 and 798.
42
What is the highest common factor of 8 and 4?
4
Calculate the highest common divisor of 180 and 480.
60
Calculate the highest common factor of 3082 and 1104.
46
Calculate the highest common divisor of 1701 and 18.
9
What is the highest common factor of 5083 and 884?
221
What is the greatest common factor of 1387 and 38?
19
What is the highest common factor of 84 and 2580?
12
What is the highest common divisor of 11187 and 99?
99
Calculate the greatest common factor of 116 and 2494.
58
What is the highest common factor of 869 and 79?
79
What is the highest common factor of 12 and 318?
6
What is the highest common divisor of 2072 and 444?
148
Calculate the highest common divisor of 371 and 28.
7
Calculate the greatest common divisor of 561 and 255.
51
What is the greatest common factor of 642 and 6?
6
Calculate the highest common divisor of 42 and 84.
42
Calculate the greatest common divisor of 3672 and 1188.
108
Calculate the greatest common factor of 103 and 26368.
103
What is the greatest common divisor of 60 and 8850?
30
Calculate the greatest common factor of 1180 and 60.
20
Calculate the highest common divisor of 156 and 11804.
52
Calculate the greatest common factor of 32 and 176.
16
What is the greatest common factor of 75 and 375?
75
What is the highest common factor of 100 and 2520?
20
What is the highest common divisor of 29 and 6467?
29
What is the greatest common factor of 21504 and 56?
56
What is the highest common divisor of 798 and 3876?
114
Calculate the greatest common factor of 1215 and 15.
15
Calculate the highest common factor of 20 and 295.
5
Calculate the greatest common divisor of 37 and 148.
37
Calculate the highest common factor of 12 and 4356.
12
What is the highest common factor of 66 and 162?
6
What is the greatest common factor of 76 and 2242?
38
Calculate the highest common divisor of 961 and 31.
31
What is the greatest common factor of 24 and 6852?
12
Calculate the greatest common factor of 676 and 1508.
52
Calculate the highest common divisor of 315 and 45.
45
What is the greatest common factor of 195 and 351?
39
Calculate the highest common factor of 11414 and 26.
26
What is the greatest common factor of 4 and 1852?
4
What is the greatest common factor of 10 and 12625?
5
Calculate the highest common divisor of 14 and 91.
7
Calculate the highest common factor of 105 and 175.
35
What is the greatest common divisor of 791 and 14?
7
What is the greatest common factor of 221 and 4862?
221
What is the highest common factor of 129 and 2623?
43
Calculate the greatest common factor of 122612 and 302.
302
What is the greatest common factor of 182 and 26?
26
Calculate the highest common factor of 58 and 26.
2
Calculate the highest common divisor of 640 and 60.
20
Calculate the highest common factor of 1057 and 14.
7
What is the highest common factor of 4626 and 72?
18
Calculate the highest common factor of 17080 and 4.
4
What is the highest common factor of 69 and 23?
23
Calculate the highest common divisor of 28 and 3038.
14
What is the greatest common factor of 522 and 18?
18
Calculate the greatest common divisor of 24 and 408.
24
Calculate the highest common factor of 5110 and 10.
10
What is the greatest common factor of 35 and 5?
5
What is the highest common divisor of 1589 and 7?
7
What is the highest common factor of 60 and 14?
2
What is the highest common divisor of 42 and 1155?
21
What is the highest common factor of 112 and 416?
16
What is the greatest common divisor of 47107 and 163?
163
What is the highest common factor of 79 and 4?
1
What is the highest common divisor of 79 and 67?
1
Calculate the greatest common divisor of 144 and 3.
3
Calculate the highest common divisor of 27168 and 60.
12
What is the highest common divisor of 5 and 45?
5
What is the highest common factor of 551 and 29?
29
What is the highest common factor of 258 and 258?
258
What is the highest common factor of 120 and 45?
15
What is the greatest common factor of 19964 and 1302?
434
What is the highest common factor of 12 and 16428?
12
Calculate the highest common factor of 4 and 284.
4
What is the greatest common factor of 111 and 339?
3
Calculate the greatest common factor of 759 and 66.
33
Calculate the greatest common divisor of 120 and 1032.
24
Calculate the highest common factor of 5 and 15.
5
Calculate the greatest common factor of 11205 and 18.
9
Calculate the greatest common factor of 1152 and 36.
36
What is the highest common factor of 28 and 448?
28
What is the greatest common divisor of 2277 and 396?
99
Calculate the greatest common factor of 45 and 261.
9
What is the greatest common factor of 55 and 35?
5
What is the greatest common factor of 208 and 13?
13
What is the highest common divisor of 1832 and 16?
8
Calculate the highest common divisor of 920 and 40.
40
What is the greatest common divisor of 125 and 1825?
25
What is the greatest common factor of 793 and 183?
61
Calculate the greatest common divisor of 11 and 11.
11
Calculate the highest common divisor of 264 and 99.
33
Calculate the highest common divisor of 1218 and 17226.
174
What is the highest common factor of 795 and 30?
15
Calculate the highest common divisor of 7397 and 39.
13
What is the greatest common factor of 12 and 44?
4
Calculate the greatest common factor of 200 and 850.
50
What is the highest common factor of 377 and 87?
29
Calculate the greatest common divisor of 2522 and 156.
26
Calculate the highest common divisor of 344 and 1816.
8
What is the highest common divisor of 6636 and 48?
12
Calculate the greatest common factor of 22 and 352.
22
What is the highest common factor of 2420 and 40?
20
Calculate the highest common divisor of 341 and 62.
31
What is the greatest common factor of 23036 and 52?
52
What is the highest common factor of 8 and 130?
2
What is the highest common factor of 46 and 1449?
23
What is the highest common divisor of 86 and 26?
2
What is the highest common factor of 62 and 3503?
31
What is the highest common factor of 508 and 6477?
127
What is the greatest common factor of 45 and 125?
5
Calculate the highest common factor of 352 and 256.
32
Calculate the highest common factor of 938 and 112.
14
What is the greatest common divisor of 10 and 4870?
10
Calculate the highest common factor of 30 and 74.
2
What is the greatest common factor of 50 and 675?
25
What is the greatest common factor of 1120 and 35?
35
Calculate the greatest common factor of 288 and 126.
18
What is the greatest common factor of 2050 and 328?
82
Calculate the greatest common factor of 51 and 3009.
51
Calculate the greatest common factor of 1024 and 4736.
128
Calculate the highest common factor of 50 and 3650.
50
What is the highest common factor of 3053 and 86?
43
Calculate the highest common divisor of 104 and 260.
52
What is the highest common divisor of 320 and 440?
40
What is the greatest common divisor of 64 and 18976?
32
Calculate the greatest common factor of 1736 and 56.
56
Calculate the greatest common factor of 16 and 1.
1
What is the highest common divisor of 138